[INFO] cloning repository https://github.com/Noskcaj19/rmatrix
[INFO] running `Command { std: "git" "-c" "credential.helper=" "-c" "credential.helper=/workspace/cargo-home/bin/git-credential-null" "clone" "--bare" "https://github.com/Noskcaj19/rmatrix" "/workspace/cache/git-repos/https%3A%2F%2Fgithub.com%2FNoskcaj19%2Frmatrix", kill_on_drop: false }`
[INFO] [stderr] Cloning into bare repository '/workspace/cache/git-repos/https%3A%2F%2Fgithub.com%2FNoskcaj19%2Frmatrix'...
[INFO] running `Command { std: "git" "rev-parse" "HEAD", kill_on_drop: false }`
[INFO] [stdout] 0962ceb403103576534c20548ee9a1083af3ae4d
[INFO] checking Noskcaj19/rmatrix against master#af3c6e733a40e671550e0f0f5aeecaa13772ba56 for pr-74989
[INFO] running `Command { std: "git" "clone" "/workspace/cache/git-repos/https%3A%2F%2Fgithub.com%2FNoskcaj19%2Frmatrix" "/workspace/builds/worker-5/source", kill_on_drop: false }`
[INFO] [stderr] Cloning into '/workspace/builds/worker-5/source'...
[INFO] [stderr] done.
[INFO] validating manifest of git repo https://github.com/Noskcaj19/rmatrix on toolchain af3c6e733a40e671550e0f0f5aeecaa13772ba56
[INFO] running `Command { std: "/workspace/cargo-home/bin/cargo" "+af3c6e733a40e671550e0f0f5aeecaa13772ba56" "read-manifest" "--manifest-path" "Cargo.toml", kill_on_drop: false }`
[INFO] started tweaking git repo https://github.com/Noskcaj19/rmatrix
[INFO] finished tweaking git repo https://github.com/Noskcaj19/rmatrix
[INFO] tweaked toml for git repo https://github.com/Noskcaj19/rmatrix written to /workspace/builds/worker-5/source/Cargo.toml
[INFO] crate git repo https://github.com/Noskcaj19/rmatrix already has a lockfile, it will not be regenerated
[INFO] running `Command { std: "/workspace/cargo-home/bin/cargo" "+af3c6e733a40e671550e0f0f5aeecaa13772ba56" "fetch" "--locked" "--manifest-path" "Cargo.toml", kill_on_drop: false }`
[INFO] running `Command { std: "docker" "create" "-v" "/var/lib/crater-agent-workspace/builds/worker-5/target:/opt/rustwide/target:rw,Z" "-v" "/var/lib/crater-agent-workspace/builds/worker-5/source:/opt/rustwide/workdir:ro,Z" "-v" "/var/lib/crater-agent-workspace/cargo-home:/opt/rustwide/cargo-home:ro,Z" "-v" "/var/lib/crater-agent-workspace/rustup-home:/opt/rustwide/rustup-home:ro,Z" "-e" "SOURCE_DIR=/opt/rustwide/workdir" "-e" "CARGO_TARGET_DIR=/opt/rustwide/target" "-e" "CARGO_HOME=/opt/rustwide/cargo-home" "-e" "RUSTUP_HOME=/opt/rustwide/rustup-home" "-w" "/opt/rustwide/workdir" "-m" "1610612736" "--user" "0:0" "--network" "none" "rustops/crates-build-env@sha256:d92eaeed33fa75130ca1ee6c8a01d1ffb62bac859dfdfb3450e3e5d1c0146529" "/opt/rustwide/cargo-home/bin/cargo" "+af3c6e733a40e671550e0f0f5aeecaa13772ba56" "metadata" "--no-deps" "--format-version=1", kill_on_drop: false }`
[INFO] [stdout] f6279b3ca3536fc6e6a50330fecc3e2ece9eaf0ff23233f83bcaee5490b8ea71
[INFO] [stderr] WARNING: Your kernel does not support swap limit capabilities or the cgroup is not mounted. Memory limited without swap.
[INFO] running `Command { std: "docker" "start" "-a" "f6279b3ca3536fc6e6a50330fecc3e2ece9eaf0ff23233f83bcaee5490b8ea71", kill_on_drop: false }`
[INFO] running `Command { std: "docker" "inspect" "f6279b3ca3536fc6e6a50330fecc3e2ece9eaf0ff23233f83bcaee5490b8ea71", kill_on_drop: false }`
[INFO] running `Command { std: "docker" "rm" "-f" "f6279b3ca3536fc6e6a50330fecc3e2ece9eaf0ff23233f83bcaee5490b8ea71", kill_on_drop: false }`
[INFO] [stdout] f6279b3ca3536fc6e6a50330fecc3e2ece9eaf0ff23233f83bcaee5490b8ea71
[INFO] running `Command { std: "docker" "create" "-v" "/var/lib/crater-agent-workspace/builds/worker-5/target:/opt/rustwide/target:rw,Z" "-v" "/var/lib/crater-agent-workspace/builds/worker-5/source:/opt/rustwide/workdir:ro,Z" "-v" "/var/lib/crater-agent-workspace/cargo-home:/opt/rustwide/cargo-home:ro,Z" "-v" "/var/lib/crater-agent-workspace/rustup-home:/opt/rustwide/rustup-home:ro,Z" "-e" "SOURCE_DIR=/opt/rustwide/workdir" "-e" "CARGO_TARGET_DIR=/opt/rustwide/target" "-e" "CARGO_INCREMENTAL=0" "-e" "RUST_BACKTRACE=full" "-e" "RUSTFLAGS=--cap-lints=forbid" "-e" "CARGO_HOME=/opt/rustwide/cargo-home" "-e" "RUSTUP_HOME=/opt/rustwide/rustup-home" "-w" "/opt/rustwide/workdir" "-m" "1610612736" "--user" "0:0" "--network" "none" "rustops/crates-build-env@sha256:d92eaeed33fa75130ca1ee6c8a01d1ffb62bac859dfdfb3450e3e5d1c0146529" "/opt/rustwide/cargo-home/bin/cargo" "+af3c6e733a40e671550e0f0f5aeecaa13772ba56" "check" "--frozen" "--all" "--all-targets" "--message-format=json", kill_on_drop: false }`
[INFO] [stdout] 693b0083765b2743da8bb572ff55416e2abfc73c4c10b85f27c37ab204d71ed4
[INFO] [stderr] WARNING: Your kernel does not support swap limit capabilities or the cgroup is not mounted. Memory limited without swap.
[INFO] running `Command { std: "docker" "start" "-a" "693b0083765b2743da8bb572ff55416e2abfc73c4c10b85f27c37ab204d71ed4", kill_on_drop: false }`
[INFO] [stderr]    Compiling nix v0.10.0
[INFO] [stderr]     Checking byteorder v1.2.3
[INFO] [stderr]     Checking unicode-width v0.1.5
[INFO] [stderr]     Checking cfg-if v0.1.3
[INFO] [stderr]     Checking smallvec v0.6.1
[INFO] [stderr]     Checking void v1.0.2
[INFO] [stderr]     Checking stable_deref_trait v1.0.0
[INFO] [stderr]     Checking rand_core v0.2.0
[INFO] [stderr]     Checking ansi_term v0.11.0
[INFO] [stderr]     Checking vec_map v0.8.1
[INFO] [stderr]     Checking iovec v0.1.2
[INFO] [stderr]     Checking termion v1.5.1
[INFO] [stderr]     Checking atty v0.2.10
[INFO] [stderr]     Checking owning_ref v0.3.3
[INFO] [stderr]     Checking textwrap v0.9.0
[INFO] [stderr]     Checking rand v0.5.0
[INFO] [stderr]     Checking clap v2.31.2
[INFO] [stderr]     Checking bytes v0.4.8
[INFO] [stderr]     Checking parking_lot_core v0.2.14
[INFO] [stderr]     Checking termbuf v1.5.1 (https://github.com/Noskcaj19/termbuf#2afd7acc)
[INFO] [stderr]     Checking parking_lot v0.5.5
[INFO] [stderr]     Checking signal v0.5.1
[INFO] [stderr]     Checking rmatrix v0.2.0 (/opt/rustwide/workdir)
[INFO] [stdout] error[E0583]: file not found for module `signal_handler`
[INFO] [stdout]   --> src/main.rs:22:1
[INFO] [stdout]    |
[INFO] [stdout] 22 | mod signal_handler;
[INFO] [stdout]    | ^^^^^^^^^^^^^^^^^^^
[INFO] [stdout]    |
[INFO] [stdout]    = help: to create the module `signal_handler`, create file "src/signal_handler.rs"
[INFO] [stdout] 
[INFO] [stdout] 
[INFO] [stdout] error[E0583]: file not found for module `signal_handler`
[INFO] [stdout]   --> src/main.rs:22:1
[INFO] [stdout]    |
[INFO] [stdout] 22 | mod signal_handler;
[INFO] [stdout]    | ^^^^^^^^^^^^^^^^^^^
[INFO] [stdout]    |
[INFO] [stdout]    = help: to create the module `signal_handler`, create file "src/signal_handler.rs"
[INFO] [stdout] 
[INFO] [stdout] 
[INFO] [stdout] error[E0433]: failed to resolve: could not find `SignalHandler` in `signal_handler`
[INFO] [stdout]    --> src/main.rs:180:39
[INFO] [stdout]     |
[INFO] [stdout] 180 |     let sig_handler = signal_handler::SignalHandler::start(size.clone());
[INFO] [stdout]     |                                       ^^^^^^^^^^^^^ could not find `SignalHandler` in `signal_handler`
[INFO] [stdout] 
[INFO] [stdout] 
[INFO] [stdout] error[E0433]: failed to resolve: could not find `SignalHandler` in `signal_handler`
[INFO] [stdout]    --> src/main.rs:180:39
[INFO] [stdout]     |
[INFO] [stdout] 180 |     let sig_handler = signal_handler::SignalHandler::start(size.clone());
[INFO] [stdout]     |                                       ^^^^^^^^^^^^^ could not find `SignalHandler` in `signal_handler`
[INFO] [stdout] 
[INFO] [stdout] 
[INFO] [stdout] error: aborting due to 2 previous errors
[INFO] [stdout] 
[INFO] [stdout] 
[INFO] [stdout] Some errors have detailed explanations: E0433, E0583.
[INFO] [stdout] 
[INFO] [stdout] For more information about an error, try `rustc --explain E0433`.
[INFO] [stdout] 
[INFO] [stderr] error: could not compile `rmatrix`.
[INFO] [stderr] 
[INFO] [stderr] To learn more, run the command again with --verbose.
[INFO] [stderr] warning: build failed, waiting for other jobs to finish...
[INFO] [stdout] error: aborting due to 2 previous errors
[INFO] [stdout] 
[INFO] [stdout] 
[INFO] [stdout] Some errors have detailed explanations: E0433, E0583.
[INFO] [stdout] 
[INFO] [stdout] For more information about an error, try `rustc --explain E0433`.
[INFO] [stdout] 
[INFO] [stderr] error: build failed
[INFO] running `Command { std: "docker" "inspect" "693b0083765b2743da8bb572ff55416e2abfc73c4c10b85f27c37ab204d71ed4", kill_on_drop: false }`
[INFO] running `Command { std: "docker" "rm" "-f" "693b0083765b2743da8bb572ff55416e2abfc73c4c10b85f27c37ab204d71ed4", kill_on_drop: false }`
[INFO] [stdout] 693b0083765b2743da8bb572ff55416e2abfc73c4c10b85f27c37ab204d71ed4
